f x and 112?
16
Suppose 2*u + 2*u + 40 = 3*g, 4*u + 8 = g. What is the highest common factor of g and 48?
16
Suppose 6*a = 2*a + 12. Let l(v) = -v + 16. Let y be l(14). What is the greatest common divisor of y and a?
1
Let l(v) = 2*v**2 - 2*v - 4. Suppose 0 = -0*c + 2*c - 3*b - 19, 4*b = 3*c - 27. Let h be l(c). What is the greatest common divisor of 9 and h?
9
Let p be (8/(-1))/(1*-2). Let d(r) = -3*r - p*r + 3*r**2 - 2*r**2 + 2. Let g be d(7). What is the highest common factor of g and 4?
2
Let l(f) = -f + 4. Let j be 1*8/(0 - -2). Let x = j - 8. Let z be l(x). Calculate the highest common divisor of 16 and z.
8
Suppose 5*t - 178 + 38 = 0. Suppose -6*y = -2*y - t. What is the highest common divisor of 28 and y?
7
Let l(r) = -r**3 + 8*r**2 - 5*r + 18. Let g be l(7). Suppose 2*p + 5*m + 12 = p, 0 = -p + 3*m + 20. What is the highest common factor of p and g?
8
Let u(m) = 17*m**2 - 2*m - 1. Let z be u(1). What is the highest common factor of z and 42?
14
Let i = -45 + -9. Let c be (i/45)/(4/(-30)). Let x(d) = -9*d**3 + d**2 + d - 2. Let m be x(-2). Calculate the greatest common divisor of m and c.
9
Suppose -85 = 7*z - 2*z. Let s = -11 - z. What is the highest common factor of 3 and s?
3
Let g(l) = -18*l**3 + l**2 - 1. Let d be g(1). Let v = -6 - d. What is the greatest common divisor of v and 6?
6
Let z(p) = -p**2 - 2*p. Let w be z(-2). Let v be -2 - w - 22*-2. Calculate the highest common divisor of 6 and v.
6
Let u = -143 + 158. What is the greatest common divisor of u and 6?
3
Suppose -b + 3*x + 23 = 0, b = -b - 5*x + 13. What is the greatest common divisor of b and 98?
14
Suppose 0 = 2*o + 2*o + 56. Let p be o/21*(1 - 91). Calculate the greatest common factor of 24 and p.
12
Let a be 3*7 - 8/(-4). Suppose -3*b = -308 + a. Let m be 1160/30 + 4/(-6). Calculate the greatest common divisor of b and m.
19
Let h = -10 + 90. Let a(c) = -c + 20. Let y be a(10). Calculate the greatest common divisor of y and h.
10
Let x be (-82)/(-3) - 4/(-6). Let y = 24 - -18. Calculate the highest common divisor of x and y.
14
Suppose z + 5*u - 13 = 0, -3*u - 2 - 1 = 0. Let k = 29 + -2. Calculate the greatest common divisor of z and k.
9
Suppose j + 22 = 4*c, -4*c + 4*j = c - 22. Calculate the greatest common divisor of c and 6.
6
Suppose 8*q - 3*q = 3*z - 14, -5*z - 3*q + 12 = 0. Let a(l) = -4*l + 2. Let f be a(-1). Calculate the greatest common divisor of z and f.
3
Let j be 4/7*(6 - -1). Suppose -g + q + 2*q + 66 = 0, 0 = -j*g + 4*q + 248. Calculate the greatest common factor of 6 and g.
6
Let v = 191 - 136. Let x(w) = 12*w**2 + w. Let l be x(-1). What is the greatest common divisor of v and l?
11
Let m be ((-12)/(-10))/(12/750). Suppose 5*y + 65 = v, -3*v - 2*y + 194 = v. What is the highest common factor of v and m?
25
Let j(p) = p**2 - 10*p + 12. Let n be j(10). What is the greatest common divisor of n and 156?
12
Let r be ((-2)/2)/1 + 7. Let n = -5 + r. Calculate the highest common factor of 1 and n.
1
Let f be (-3 - -3)*(1 + -2). Let k be (f + -2)/2 + 133. What is the highest common factor of k and 12?
12
Let z(y) = 2*y - y + 2 + 0*y. Let b be z(-5). Let j = b + 18. Calculate the highest common divisor of j and 15.
15
Suppose -6*m + 21 = -3*m. What is the greatest common factor of m and 1?
1
Let w(y) = 3*y - 12. Let i be w(14). What is the greatest common factor of 12 and i?
6
Let n(t) = -6*t - 34. Let b be n(-6). What is the greatest common factor of 5 and b?
1
Suppose 4*n - 1 + 225 = 0. Let h be 4*n/(-4)*1. What is the highest common divisor of 8 and h?
8
Let y(p) = -p - 2. Let z be y(-4). Let r be (z/3)/(6/45). Suppose l + 484 = r*l. Calculate the greatest common divisor of 11 and l.
11
Let g = 107 - 50. Suppose -25 = -4*a - a. Suppose 6*s - 3*s = -a*i + 196, 2*s = 4. Calculate the greatest common divisor of g and i.
19
Suppose -2*r - 23 + 79 = 0. Let p = 18 - 13. Let j = p + 2. What is the highest common divisor of r and j?
7
Suppose 9*f - 48 = 132. Let x = -1 - -1. Let r be 0/(-1) + x - -30. What is the greatest common divisor of r and f?
10
Let t(r) = 3*r + 21. Let v be t(8). What is the highest common factor of v and 30?
15
Let l = 87 + -43. What is the greatest common factor of 44 and l?
44
Let m(p) = p**3 - 6*p**2 - 5*p - 10. Let x be m(7). Suppose l = -x*l. Suppose l + 6 = c. What is the highest common divisor of 2 and c?
2
Let d = 46 + -33. Calculate the greatest common divisor of 143 and d.
13
Suppose -9*h = -4*h - 60. What is the greatest common factor of 60 and h?
12
Suppose -4*r - 24 = -4*g, -36 = -5*g + 4*r - 2*r. Let w = -1 + g. Let z(m) = -m**2 + 9*m + 1. Let t be z(w). What is the greatest common factor of 3 and t?
3
Let z = -83 - -154. Let g be -75*(4/3 - 2). Let m = g + z. What is the highest common divisor of m and 11?
11
Suppose 0 = -v + 7 + 3. What is the greatest common divisor of v and 15?
5
Suppose -2*j + 12 = -5*c - 5*j, 2*c + 4*j = -2. Let s be 7/(c*1/(-30)). Let k be ((-24)/(-15))/((-6)/(-105)). What is the greatest common divisor of k and s?
14
Let r(a) = 2*a - 20. Let p be r(-14). Let k be (8*-1)/(-4) - p. What is the highest common divisor of 20 and k?
10
Suppose 0 = 4*y + 17 + 7. Let i = 10 + y. Calculate the highest common divisor of i and 28.
4
Let s be (-1)/((-3)/12)*2*2. What is the highest common factor of 8 and s?
8
Let d = -16 + 23. Let t = d - 1. Calculate the greatest common divisor of 3 and t.
3
Let k be 96/44 + (-2)/11. Suppose -7*w = -k*w - 190. Let a = w - 22. Calculate the greatest common divisor of a and 8.
8
Suppose -2304 = 15*q - 47*q. Suppose -4*i + i = w - 25, 5*i = -3*w + 43. What is the greatest common factor of q and i?
8
Let d(w) = -w**3 - 6*w**2 - 4*w - 4. Let k be d(-6). Let i(t) = 2*t**2 - 8*t + 6. Let z be i(-7). What is the highest common factor of z and k?
20
Suppose 2*n - 3 = 7. Let z(f) = 14*f - 73*f + n - 4. Let q be z(-1). Calculate the greatest common divisor of 6 and q.
6
Let p = 17 - 12. Suppose 0*o - p*o = -115. Let n = -5 + o. What is the greatest common factor of 45 and n?
9
Suppose 0 = 5*r - 4*i - 22, r + 2*i - 28 = -3*r. What is the greatest common factor of r and 3?
3
Suppose -3*v = -8*v + 180. Let a be (-22)/(-55) - (-58)/5. What is the greatest common factor of v and a?
12
Let j(p) = p**3 + 6*p**2 + p + 4. Let g be j(-4). Calculate the greatest common factor of g and 8.
8
Suppose 0 = 3*t - 6*t - 4*f - 17, 3*t = 2*f + 13. Calculate the highest common factor of 11 and t.
1
Let k(m) = 19*m - 1. Let f be k(-3). Let z = -13 - f. Calculate the greatest common factor of 9 and z.
9
Let s be (-3 + 4)/1 - -56. What is the highest common factor of s and 38?
19
Suppose 5*a - 178 - 167 = 0. What is the highest common factor of a and 46?
23
Let x = -4 - -12. What is the highest common factor of x and 8?
8
Let t(h) = h**3 - 8*h**2 + 2. Let v(u) = -u + 16. Let w be v(8). Let j be t(w). Calculate the highest common factor of j and 2.
2
Let u be (-1)/(-4) - 30/(-8). Suppose 0 = -u*v + 3*v + 14. Calculate the greatest common factor of v and 14.
14
Let c = 37 + 3. What is the highest common factor of 60 and c?
20
Let v = 32 + -18. Let l(s) = 6 - 2*s**3 - 2*s + 0*s**3 + s**2 + 3*s**3 - 1. Let x be l(3). Calculate the greatest common divisor of v and x.
7
Suppose 0 = 4*x + 53 - 845. Let g be 1/(2 - 0)*x. What is the greatest common factor of g and 11?
11
Let w(o) = -2*o**3 - 2*o**2 + 3. Let a be w(-2). Calculate the highest common divisor of 88 and a.
11
Let d = 24 - 19. What is the greatest common factor of d and 2?
1
Suppose -5*a - c + 645 = 0, 6*a - 4*c - 280 = 4*a. What is the highest common factor of a and 10?
10
Let n(k) = k**2 + 15*k - 1. Let c be n(-17). Let o = 9 + -6. Suppose 0*l = o*l - 66. Calculate the highest common divisor of l and c.
11
Let x(o) = o**3 + 9*o**2 - 4*o + 6. Let f be x(-10). Let s = -33 - f. Calculate the highest common factor of 3 and s.
3
Let t(h) = 5*h - 21. Let i be t(8). Calculate the highest common factor of i and 57.
19
Let m be 1/((-3)/(-15)) - 1. Suppose -14 - 2 = -m*c. Suppose -5*r = -4*y + 54, -c*y - 3*r = -61 - 9. Calculate the greatest common factor of y and 4.
4
Let z(w) = -9*w. Let v be z(-2). Suppose 3*j - 3*d - 18 = 2*d, 6 = j + 2*d. Calculate the highest common factor of j and v.
6
Let x = 28 + -7. Let q = x - 12. What is the greatest common factor